re the prime factors of 30642407?
73, 109, 3851
List the prime factors of 3625419.
3, 7, 31, 5569
List the prime factors of 46175.
5, 1847
What are the prime factors of 20067679?
20067679
List the prime factors of 192142.
2, 23, 4177
List the prime factors of 203703.
3, 67901
List the prime factors of 19703769.
3, 317, 20719
What are the prime factors of 129957?
3, 43319
List the prime factors of 406501.
406501
What are the prime factors of 33898851?
3, 7, 67, 2677
List the prime factors of 6299227.
11, 572657
What are the prime factors of 12518154?
2, 3, 11, 17, 3719
What are the prime factors of 954739?
167, 5717
What are the prime factors of 37749?
3, 12583
List the prime factors of 2012512.
2, 61, 1031
List the prime factors of 335740.
2, 5, 16787
What are the prime factors of 1019792?
2, 63737
What are the prime factors of 11411159?
11411159
What are the prime factors of 9457775?
5, 149, 2539
List the prime factors of 839423.
13, 4967
What are the prime factors of 5138078?
2, 11, 233549
What are the prime factors of 26787040?
2, 5, 7, 23917
What are the prime factors of 2034241?
11, 101, 1831
What are the prime factors of 1224348?
2, 3, 257, 397
List the prime factors of 323291.
151, 2141
List the prime factors of 958068.
2, 3, 2957
What are the prime factors of 369057?
3, 13, 9463
What are the prime factors of 337079?
19, 113, 157
List the prime factors of 400416.
2, 3, 43, 97
List the prime factors of 1281129.
3, 427043
What are the prime factors of 1123440?
2, 3, 5, 31, 151
What are the prime factors of 7697625?
3, 5, 13, 1579
What are the prime factors of 4044278?
2, 7, 288877
What are the prime factors of 671697?
3, 13, 5741
What are the prime factors of 472785?
3, 5, 43, 733
List the prime factors of 4060507.
11, 369137
List the prime factors of 80061.
3, 26687
What are the prime factors of 1903383?
3, 61, 3467
List the prime factors of 67909.
59, 1151
What are the prime factors of 1243480?
2, 5, 7, 4441
List the prime factors of 8929345.
5, 1785869
List the prime factors of 3105026.
2, 1552513
List the prime factors of 370620.
2, 3, 5, 29, 71
List the prime factors of 293330.
2, 5, 29333
List the prime factors of 220901.
220901
What are the prime factors of 1251396?
2, 3, 11587
List the prime factors of 109671.
3, 139, 263
List the prime factors of 52467.
3, 17489
List the prime factors of 1788396.
2, 3, 149033
What are the prime factors of 2410234?
2, 1205117
List the prime factors of 7696879.
7696879
List the prime factors of 1577418.
2, 3, 19, 101, 137
What are the prime factors of 72762?
2, 3, 67, 181
What are the prime factors of 151888?
2, 11, 863
What are the prime factors of 9350787?
3, 191, 16319
List the prime factors of 6744080.
2, 5, 7, 12043
What are the prime factors of 148924?
2, 31, 1201
List the prime factors of 265883.
265883
What are the prime factors of 557790?
2, 3, 5, 18593
List the prime factors of 137214.
2, 3, 7, 11
List the prime factors of 6818108.
2, 11, 14087
List the prime factors of 6575967.
3, 730663
What are the prime factors of 4074676?
2, 1018669
List the prime factors of 1170140.
2, 5, 41, 1427
List the prime factors of 422861.
422861
What are the prime factors of 1239918?
2, 3, 197, 1049
List the prime factors of 294100.
2, 5, 17, 173
What are the prime factors of 264317?
101, 2617
List the prime factors of 3072768.
2, 3, 4001
What are the prime factors of 29448661?
11, 2677151
What are the prime factors of 888384?
2, 3, 7, 661
What are the prime factors of 482420?
2, 5, 24121
What are the prime factors of 7444?
2, 1861
What are the prime factors of 6354043?
6354043
List the prime factors of 4238757.
3, 37, 4243
What are the prime factors of 251928?
2, 3, 3499
What are the prime factors of 1534807?
71, 21617
List the prime factors of 3422136.
2, 3, 142589
What are the prime factors of 13402369?
43, 311683
List the prime factors of 1652426.
2, 47, 17579
List the prime factors of 1758943.
37, 137, 347
List the prime factors of 4834179.
3, 7, 76733
What are the prime factors of 110756?
2, 27689
List the prime factors of 2168785.
5, 23, 18859
List the prime factors of 27004816.
2, 1687801
What are the prime factors of 587399?
53, 11083
List the prime factors of 5345324.
2, 101, 131
List the prime factors of 1551990.
2, 3, 5, 11, 4703
List the prime factors of 1372098.
2, 3, 7, 13, 359
List the prime factors of 3601437.
3, 7, 317, 541
What are the prime factors of 83356?
2, 7, 13, 229
List the prime factors of 2209245.
3, 5, 147283
What are the prime factors of 874578?
2, 3, 71, 2053
List the prime factors of 321176.
2, 19, 2113
List the prime factors of 3313427.
13, 254879
List the prime factors of 15718.
2, 29, 271
What are the prime factors of 7568794?
2, 23, 37, 4447
List the prime factors of 4443461.
11, 403951
What are the prime factors of 9939907?
19, 59, 8867
List the prime factors of 573356.
2, 7, 20477
What are the prime factors of 121021?
121021
List the prime factors of 1017218.
2, 229, 2221
What are the prime factors of 4233018?
2, 3, 89, 7927
List the prime factors of 375858.
2, 3, 7, 19, 157
List the prime factors of 806467.
806467
What are the prime factors of 18766784?
2, 97, 3023
List the prime factors of 750586.
2, 53, 73, 97
What are the prime factors of 1911111?
3, 139, 4583
List the prime factors of 6485757.
3, 2161919
What are the prime factors of 20067022?
2, 149, 67339
What are the prime factors of 3695733?
3, 136879
List the prime factors of 9465460.
2, 5, 211, 2243
List the prime factors of 2739258.
2, 3, 37, 457
List the prime factors of 2929128.
2, 3, 31, 127
What are the prime factors of 1095369?
3, 11, 19, 1747
List the prime factors of 159739.
159739
List the prime factors of 7774359.
3, 2591453
What are the prime factors of 35883?
3, 443
List the prime factors of 651623.
7, 93089
What are the prime factors of 14332465?
5, 7, 409499
What are the prime factors of 16651636?
2, 17, 244877
What are the prime factors of 1284418?
2, 17, 37, 1021
List the prime factors of 46455.
3, 5, 19, 163
List the prime factors of 534405.
3, 5, 23, 1549
What are the prime factors of 312849?
3, 11587
List the prime factors of 398009.
31, 37, 347
What are the prime factors of 1155680?
2, 5, 31, 233
List the prime factors of 6257388.
2, 3, 29, 17981
List the prime factors of 2395043.
7, 61, 71, 79
What are the prime factors of 1320812?
2, 330203
What are the prime factors of 680503?
680503
What are the prime factors of 148443?
3, 49481
List the prime factors of 31686797.
31686797
What are the prime factors of 15465345?
3, 5, 7, 147289
List the prime factors of 70828.
2, 17707
What are the prime factors of 3620537?
3620537
What are the prime factors of 168824?
2, 47, 449
List the prime factors of 11738195.
5, 7, 47911
What are the prime factors of 507826?
2, 11, 41, 563
List the prime factors of 932391.
3, 1279
List the prime factors of 762970.
2, 5, 13, 5869
What are the prime factors of 160615?
5, 7, 13, 353
List the prime factors of 25095204.
2, 3, 232363
List the prime factors of 19571580.
2, 3, 5, 7, 317
What are the prime factors of 546662?
2, 443, 617
What are the prime factors of 1395281?
131, 10651
What are the prime factors of 1150249?
1150249
List the prime factors of 2474759.
7, 349, 1013
List the prime factors of 269864.
2, 7, 61, 79
List the prime factors of 9534283.
11, 599, 1447
What are the prime factors of 791050?
2, 5, 13, 1217
List the prime factors of 6116207.
31, 197297
List the prime factors of 4070496.
2, 3, 109, 389
What are the prime factors of 112389?
3, 37463
List the prime factors of 2764917.
3, 41, 59, 127
List the prime factors of 243124.
2, 7, 19, 457
What are the prime factors of 40808?
2, 5101
List the prime factors of 169201.
17, 37, 269
List the prime factors of 276662.
2, 43, 3217
List the prime factors of 4830958.
2, 11, 17, 12917
List the prime factors of 17370729.
3, 1930081
List the prime factors of 209030.
2, 5, 20903
What are the prime factors of 6263243?
7, 894749
List the prime factors of 1526090.
2, 5, 17, 47, 191
List the prime factors of 3958566.
2, 3, 659761
What are the prime factors of 2428480?
2, 5, 7589
What are the prime factors of 5372433?
3, 11, 18089
What are the prime factors of 255783?
3, 11, 23, 337
What are the prime factors of